{"id":17,"date":"2010-11-16T11:02:57","date_gmt":"2010-11-16T10:02:57","guid":{"rendered":"http:\/\/www.krashbar.com\/sex-club-paris\/"},"modified":"2023-02-20T15:38:53","modified_gmt":"2023-02-20T14:38:53","slug":"newsletter","status":"publish","type":"page","link":"http:\/\/www.krashbar.com\/sex-club-paris\/newsletter\/","title":{"rendered":"Newsletter"},"content":{"rendered":"\n<p><\/p>\n\n\n\n<p>Inscris-toi \u00e0 la newsletter du Krash bar en remplissant le formulaire ci-dessous.<\/p>\n\n\n\n<p>Un email de de confirmation te sera automatiquement envoy\u00e9. Lis les instructions qui y figure pour finaliser ton inscription.<\/p>\n\n\n\n<p>Si tu ne recois pas d&rsquo;ici 15 minutes cet email, v\u00e9rifie s&rsquo;il n&rsquo;est pas arriv\u00e9 dans le r\u00e9pertoire des spams de ta messagerie.<\/p>\n\n\n\n<p>&#8212;&#8212;&#8212;&#8212;&#8212;&#8212;&#8212;&#8212;&#8212;&#8212;&#8212;&#8212;&#8212;&#8212;&#8212;-<\/p>\n\n\n\n<p>Subscribe to our newsletter filling the form below.<\/p>\n\n\n\n<p>A confirmation email will be sent to your mailbox: please read the instruction inside it to complete the subscription.<\/p>\n\n\n\n<p>If the email takes more than 15 minutes to appear in your mailbox, check the spam folder.<\/p>\n\n\n\n<p><\/p>\n\n\n<p><code class=\"es-code\"><code>[newsletter_form]<\/code><\/code><\/p><!-- PHP 5.x -->","protected":false},"excerpt":{"rendered":"<p>Inscris-toi \u00e0 la newsletter du Krash bar en remplissant le formulaire ci-dessous. Un email de de confirmation te sera automatiquement envoy\u00e9. Lis les instructions qui y figure pour finaliser ton inscription. Si tu ne recois pas d&rsquo;ici 15 minutes cet &hellip; <a href=\"http:\/\/www.krashbar.com\/sex-club-paris\/newsletter\/\">Continuer la lecture <span class=\"meta-nav\">&rarr;<\/span><\/a><\/p>\n","protected":false},"author":1,"featured_media":0,"parent":0,"menu_order":0,"comment_status":"closed","ping_status":"closed","template":"","meta":{"footnotes":""},"class_list":["post-17","page","type-page","status-publish","hentry"],"aioseo_notices":[],"_links":{"self":[{"href":"http:\/\/www.krashbar.com\/sex-club-paris\/wp-json\/wp\/v2\/pages\/17","targetHints":{"allow":["GET"]}}],"collection":[{"href":"http:\/\/www.krashbar.com\/sex-club-paris\/wp-json\/wp\/v2\/pages"}],"about":[{"href":"http:\/\/www.krashbar.com\/sex-club-paris\/wp-json\/wp\/v2\/types\/page"}],"author":[{"embeddable":true,"href":"http:\/\/www.krashbar.com\/sex-club-paris\/wp-json\/wp\/v2\/users\/1"}],"replies":[{"embeddable":true,"href":"http:\/\/www.krashbar.com\/sex-club-paris\/wp-json\/wp\/v2\/comments?post=17"}],"version-history":[{"count":7,"href":"http:\/\/www.krashbar.com\/sex-club-paris\/wp-json\/wp\/v2\/pages\/17\/revisions"}],"predecessor-version":[{"id":2685,"href":"http:\/\/www.krashbar.com\/sex-club-paris\/wp-json\/wp\/v2\/pages\/17\/revisions\/2685"}],"wp:attachment":[{"href":"http:\/\/www.krashbar.com\/sex-club-paris\/wp-json\/wp\/v2\/media?parent=17"}],"curies":[{"name":"wp","href":"https:\/\/api.w.org\/{rel}","templated":true}]}}