{"id":81,"date":"2010-12-07T17:04:34","date_gmt":"2010-12-07T16:04:34","guid":{"rendered":"http:\/\/www.krashbar.com\/sex-club-paris\/"},"modified":"2026-01-02T09:39:51","modified_gmt":"2026-01-02T08:39:51","slug":"accueil","status":"publish","type":"page","link":"http:\/\/www.krashbar.com\/sex-club-paris\/","title":{"rendered":"Accueil"},"content":{"rendered":"\n<div class=\"wp-block-group\"><div class=\"wp-block-group__inner-container is-layout-flow wp-block-group-is-layout-flow\">\n<table style=\"height: 581px;\" border=\"0\" width=\"360\" cellspacing=\"0\" cellpadding=\"0\">\n<tbody>\n<tr>\n<td style=\"text-align: center;\" data-wp-editing=\"1\">\n<div style=\"width: 600px;\" class=\"wp-video\"><video class=\"wp-video-shortcode\" id=\"video-81-1\" width=\"600\" height=\"600\" preload=\"metadata\" controls=\"controls\"><source type=\"video\/mp4\" src=\"http:\/\/www.krashbar.com\/sex-club-paris\/wp-content\/uploads\/2026\/01\/8c938375-2342-4ae8-a9ab-6f98c01956ea.mp4?_=1\" \/><a href=\"http:\/\/www.krashbar.com\/sex-club-paris\/wp-content\/uploads\/2026\/01\/8c938375-2342-4ae8-a9ab-6f98c01956ea.mp4\">http:\/\/www.krashbar.com\/sex-club-paris\/wp-content\/uploads\/2026\/01\/8c938375-2342-4ae8-a9ab-6f98c01956ea.mp4<\/a><\/video><\/div>\n<\/td>\n<\/tr>\n<\/tbody>\n<\/table>\n<table style=\"height: 2696px;\" border=\"0\" width=\"513\" cellspacing=\"0\" cellpadding=\"0\">\n<tbody>\n<tr>\n<td valign=\"top\">\n<h2 style=\"text-align: left; padding-left: 20px;\"><span style=\"text-decoration: underline;\"><strong><span style=\"color: #ff5412; text-decoration: underline;\">Nos horaires\u00a0<\/span><\/strong><\/span><\/h2>\n<\/td>\n<\/tr>\n<tr>\n<td valign=\"top\">\n<ul>\n<li>Nous sommes ouverts 7 jours sur 7 toute l&rsquo;ann\u00e9e<\/li>\n<\/ul>\n<p style=\"padding-left: 80px;\"><img loading=\"lazy\" decoding=\"async\" class=\"float:left\" src=\"http:\/\/www.krashbar.com\/sex-club-paris\/wp-content\/themes\/twentyten\/images\/puce-menu-krash.gif\" width=\"12\" height=\"12\" \/> Du lundi au jeudi : 15h \u00e0 5h<\/p>\n<p style=\"padding-left: 80px;\"><img loading=\"lazy\" decoding=\"async\" class=\"float:left\" src=\"http:\/\/www.krashbar.com\/sex-club-paris\/wp-content\/themes\/twentyten\/images\/puce-menu-krash.gif\" width=\"12\" height=\"12\" \/> Vendredi : 15h \u00e0 7h<\/p>\n<p style=\"padding-left: 80px;\"><img loading=\"lazy\" decoding=\"async\" class=\"float:left\" src=\"http:\/\/www.krashbar.com\/sex-club-paris\/wp-content\/themes\/twentyten\/images\/puce-menu-krash.gif\" width=\"12\" height=\"12\" \/> Samedi : 14h \u00e0 7h<\/p>\n<p style=\"padding-left: 80px;\"><img loading=\"lazy\" decoding=\"async\" class=\"float:left\" src=\"http:\/\/www.krashbar.com\/sex-club-paris\/wp-content\/themes\/twentyten\/images\/puce-menu-krash.gif\" width=\"12\" height=\"12\" \/> Dimanche : 14h \u00e0 5h<\/p>\n<\/td>\n<\/tr>\n<tr>\n<td valign=\"top\">\n<h2 style=\"text-align: left; padding-left: 20px;\"><span style=\"text-decoration: underline;\"><strong><span style=\"color: #ff5412; text-decoration: underline;\">Notre adresse<br \/><\/span><\/strong><\/span><\/h2>\n<\/td>\n<\/tr>\n<tr>\n<td valign=\"top\">\n<p>Krash bar : 12 rue Simon Lefranc 75004 Paris, France<\/p>\n<p>Metro : Hotel de ville (ligne 1) &#8211; Rambuteau (ligne 11)<\/p>\n<p><a href=\"https:\/\/maps.app.goo.gl\/6NcLr4Tx3GHy2vHj6\" target=\"_blank\" rel=\"noopener\">Itin\u00e9raire Google map<\/a><\/p>\n<p><a href=\"https:\/\/maps.apple.com\/?address=12%20Rue%20Simon%20le%20Franc,%2075004%20Paris,%20France&amp;auid=235544311919577344&amp;ll=48.860324,2.353553&amp;lsp=9902&amp;q=Krash%20Bar&amp;_ext=CjgKBAgEEHoKBAgFEAMKBAgGEBEKBAgKEAAKBAhSEAEKBAhVEBAKBAhZEAMKBQikARABCgUIwQEQARImKSSuremLbUhAMZSD2QQYxgJAOXXJOEaybkhAQQQWZdsO4gJAUAQ%3D\" target=\"_blank\" rel=\"noopener\">Itin\u00e9raire Plans Apple<\/a><\/p>\n<p><iframe loading=\"lazy\" style=\"border: 0;\" src=\"https:\/\/www.google.com\/maps\/embed?pb=!1m18!1m12!1m3!1d5249.78589118513!2d2.350893177293533!3d48.860251771332386!2m3!1f0!2f0!3f0!3m2!1i1024!2i768!4f13.1!3m3!1m2!1s0x47e66e1c8977fe51%3A0x167f692f7fac93be!2sKrash%20Bar!5e0!3m2!1sfr!2sfr!4v1720343376019!5m2!1sfr!2sfr\" width=\"575\" height=\"450\" allowfullscreen=\"allowfullscreen\"><\/iframe>\u00a0<\/p>\n<\/td>\n<\/tr>\n<tr>\n<td>\n<h2 style=\"text-align: left; padding-left: 20px;\"><span style=\"text-decoration: underline;\"><strong><span style=\"color: #ff5412; text-decoration: underline;\">Nos reseaux sociaux<\/span><\/strong><\/span><\/h2>\n<\/td>\n<\/tr>\n<tr>\n<td>\n<h3>Sur Twitter<\/h3>\n<p>Retrouvez toute notre actualit\u00e9 sur X :\u00a0 <a href=\"http:\/\/www.twitter.com\/krashbar\" target=\"_blank\" rel=\"noopener\">twitter.com\/krashbar<\/a><\/p>\n<p><a href=\"http:\/\/twitter.com\/krashbar\" target=\"_blank\" rel=\"noopener\"><img loading=\"lazy\" decoding=\"async\" class=\"alignleft wp-image-2802 size-thumbnail\" src=\"http:\/\/www.krashbar.com\/sex-club-paris\/wp-content\/uploads\/2024\/07\/x-twitter-abonnement-nouveaux-utilisateurs-150x150.jpg\" alt=\"Le Krash est sur Twitter X\" width=\"150\" height=\"150\" \/><\/a><\/p>\n<p><a class=\"twitter-follow-button\" href=\"https:\/\/twitter.com\/krashbar\">Suivre @krashbar<\/a><br \/><script src=\"\/\/platform.twitter.com\/widgets.js\" type=\"text\/javascript\"><\/script><\/p>\n<h3>\u00a0<\/h3>\n<h3>Sur Facebook<\/h3>\n<p><a href=\"https:\/\/www.facebook.com\/Krashbar\" target=\"_blank\" rel=\"noopener\"><img loading=\"lazy\" decoding=\"async\" class=\"alignleft wp-image-2803 size-thumbnail\" src=\"http:\/\/www.krashbar.com\/sex-club-paris\/wp-content\/uploads\/2024\/07\/Facebook_logo_square-150x150.png\" alt=\"Le Krash est sur Facebook\" width=\"150\" height=\"150\" srcset=\"http:\/\/www.krashbar.com\/sex-club-paris\/wp-content\/uploads\/2024\/07\/Facebook_logo_square-150x150.png 150w, http:\/\/www.krashbar.com\/sex-club-paris\/wp-content\/uploads\/2024\/07\/Facebook_logo_square-300x300.png 300w, http:\/\/www.krashbar.com\/sex-club-paris\/wp-content\/uploads\/2024\/07\/Facebook_logo_square-768x768.png 768w, http:\/\/www.krashbar.com\/sex-club-paris\/wp-content\/uploads\/2024\/07\/Facebook_logo_square.png 960w\" sizes=\"auto, (max-width: 150px) 100vw, 150px\" \/><\/a><\/p>\n<h3>\u00a0<\/h3>\n<h3>Sur Instagram<\/h3>\n<p><a href=\"https:\/\/www.instagram.com\/krash_bar_paris\/\" target=\"_blank\" rel=\"noopener\"><img loading=\"lazy\" decoding=\"async\" class=\"alignleft wp-image-2804 size-thumbnail\" src=\"http:\/\/www.krashbar.com\/sex-club-paris\/wp-content\/uploads\/2024\/07\/Symbole-Instagram-150x150.jpg\" alt=\"le krash est sur Instagram\" width=\"150\" height=\"150\" \/><\/a><\/p>\n<\/td>\n<\/tr>\n<\/tbody>\n<\/table>\n<table border=\"0\" width=\"600\" cellspacing=\"0\" cellpadding=\"0\">\n<tbody>\n<tr>\n<td>\n<h2 style=\"text-align: left; padding-left: 20px;\"><span style=\"text-decoration: underline;\"><strong><span style=\"color: #ff5412; text-decoration: underline;\">Agenda <\/span><\/strong><\/span><\/h2>\n<\/td>\n<\/tr>\n<\/tbody>\n<\/table>\n<table>\n<tbody>\n<tr>\n<td valign=\"top\" width=\"170\"><a href=\"\/sex-club-paris\/agenda\/\"><img loading=\"lazy\" decoding=\"async\" class=\"alignnone\" src=\"http:\/\/www.krashbar.com\/sex-club-paris\/wp-content\/uploads\/2018\/04\/Plan-Direct-site.jpg\" alt=\"Plan Direct au Krash\" width=\"160\" height=\"120\" \/><\/a><\/td>\n<td valign=\"top\" width=\"400\">\n<h3><a href=\"\/sex-club-paris\/agenda\/\">Plan Direct &#8211; du lundi au vendredi<\/a><\/h3>\n<p>Du lundi au vendredi de 15hh \u00e0 22h<\/p>\n<p>Ambiance cool au bar, HOT au sous-sol&#8230;<\/p>\n<p>PLAN DIRECT, c&rsquo;est l&rsquo;ap\u00e9ro des mecs motiv\u00e9s qui cherchent des plans directs et rapides \u00e0 la sortie du taff !<\/p>\n<p>Entr\u00e9e gratuite &#8211; Happy Hour de 15h \u00e0 22h &#8211;<\/p>\n<p>No Dress Code<\/p>\n<\/td>\n<\/tr>\n<tr>\n<td valign=\"top\" width=\"170\"><a href=\"\/sex-club-paris\/agenda\/\"><img loading=\"lazy\" decoding=\"async\" class=\"alignnone\" src=\"http:\/\/www.krashbar.com\/sex-club-paris\/wp-content\/uploads\/2018\/04\/Sex-Krash-Night-site.jpg\" alt=\"Sex krash Night au Krash\" width=\"160\" height=\"120\" \/><\/a><\/td>\n<td valign=\"top\" width=\"400\">\n<h3><a href=\"\/sex-club-paris\/agenda\">Sex Krash Night &#8211; du lundi au vendredi<\/a><\/h3>\n<p>Du lundi au vendredi de 22h \u00e0 5h<\/p>\n<p>Entr\u00e9e gratuite &#8211; No dress Code<\/p>\n<\/td>\n<\/tr>\n<tr>\n<td valign=\"top\" width=\"170\"><a href=\"\/sex-club-paris\/agenda\/\"><img loading=\"lazy\" decoding=\"async\" class=\"alignnone\" src=\"\/sex-club-paris\/parties\/naked.jpg\" alt=\"naked party au Krash\" width=\"160\" height=\"120\" \/><\/a><\/td>\n<td valign=\"top\" width=\"400\">\n<h3><a href=\"\/sex-club-paris\/agenda\/\">Naked Party &#8211; samedi apr\u00e8s-midi<\/a><\/h3>\n<p>Chaque samedi, de 14h \u00e0 19h.\u00a0<\/p>\n<p>Tous \u00e0 poils !!<\/p>\n<p>Entr\u00e9e gratuite<\/p>\n<\/td>\n<\/tr>\n<tr>\n<td valign=\"top\" width=\"170\"><a href=\"\/sex-club-paris\/agenda\/\"><img loading=\"lazy\" decoding=\"async\" class=\"alignnone wp-image-1354 size-full\" title=\"events-orgiak\" src=\"http:\/\/www.krashbar.com\/sex-club-paris\/wp-content\/uploads\/2013\/01\/events-orgiak.jpg\" alt=\"\" width=\"160\" height=\"120\" \/><\/a><\/td>\n<td valign=\"top\" width=\"400\">\n<h3><a href=\"\/sex-club-paris\/agenda\">Orgiak &#8211; samedi <\/a><\/h3>\n<p>Chaque samedi \u00e0 partir de 19h et jusqu&rsquo;\u00e0 7h du matin, c&rsquo;est ORGIAK ! L&rsquo;orgie \u00e0 tous les \u00e9tages !<\/p>\n<p>Happy Hours jusqu&rsquo;\u00e0 22h &#8211; \u00a0Entr\u00e9e gratuite &#8211;<\/p>\n<p>No Dress Code<\/p>\n<\/td>\n<\/tr>\n<tr>\n<td valign=\"top\" width=\"170\"><a href=\"\/sex-club-paris\/agenda\/\"><img loading=\"lazy\" decoding=\"async\" class=\"alignnone\" src=\"\/sex-club-paris\/parties\/underwear.jpg\" alt=\"underwear party au Krash\" width=\"160\" height=\"120\" \/><\/a><\/td>\n<td valign=\"top\" width=\"400\">\n<h3><a href=\"\/sex-club-paris\/agenda\/\">Sunday Naked Party &#8211; dimanche apr\u00e8s midi<\/a><\/h3>\n<p>Chaque dimanche, de 14h \u00e0 19h<\/p>\n<p>On laisse tomber le slip!! Tous \u00e0 poil<\/p>\n<p>Entr\u00e9e gratuite<\/p>\n<\/td>\n<\/tr>\n<tr>\n<td valign=\"top\" width=\"170\"><a href=\"\/sex-club-paris\/agenda\/\"><img loading=\"lazy\" decoding=\"async\" class=\"alignnone wp-image-1355 size-full\" title=\"eventssundayfuck\" src=\"http:\/\/www.krashbar.com\/sex-club-paris\/wp-content\/uploads\/2013\/01\/eventssundayfuck.jpg\" alt=\"\" width=\"160\" height=\"120\" \/><\/a><\/td>\n<td valign=\"top\" width=\"400\">\n<h3><a href=\"\/sex-club-paris\/agenda\/\">Sunday Fuck &#8211; dimanche<\/a><\/h3>\n<p>Chaque dimanche de 19h \u00e0 5h du mat&rsquo;, tous trips et tous looks bienvenus pour la derni\u00e8re ligne droite du week-end !<\/p>\n<p>Happy Hours jusqu&rsquo;\u00e0 22h &#8211; \u00a0Entr\u00e9e gratuite<\/p>\n<\/td>\n<\/tr>\n<\/tbody>\n<\/table>\n<\/div><\/div>\n\n\n\n<figure class=\"wp-block-image size-full is-resized\"><a href=\"https:\/\/www.playfetish.com\/@krashbar \" target=\"_blank\" rel=\"noreferrer noopener\"><img loading=\"lazy\" decoding=\"async\" width=\"1000\" height=\"400\" src=\"http:\/\/www.krashbar.com\/sex-club-paris\/wp-content\/uploads\/2024\/07\/Banner_PlayFetish_1000x400_v1.jpg\" alt=\"\" class=\"wp-image-2812\" style=\"width:600px\" srcset=\"http:\/\/www.krashbar.com\/sex-club-paris\/wp-content\/uploads\/2024\/07\/Banner_PlayFetish_1000x400_v1.jpg 1000w, http:\/\/www.krashbar.com\/sex-club-paris\/wp-content\/uploads\/2024\/07\/Banner_PlayFetish_1000x400_v1-500x200.jpg 500w, http:\/\/www.krashbar.com\/sex-club-paris\/wp-content\/uploads\/2024\/07\/Banner_PlayFetish_1000x400_v1-768x307.jpg 768w\" sizes=\"auto, (max-width: 1000px) 100vw, 1000px\" \/><\/a><\/figure>\n\n\n\n<figure class=\"wp-block-image size-medium is-resized\"><a href=\"https:\/\/www.citebeur.com\/videos\/detail\/46385-sans-pudeur-pour-ton-rebeu-hardeur?code=2294\" target=\"_blank\" rel=\"noreferrer noopener\"><img loading=\"lazy\" decoding=\"async\" width=\"500\" height=\"200\" src=\"http:\/\/www.krashbar.com\/sex-club-paris\/wp-content\/uploads\/2024\/07\/citebeur-46385-sans-pudeur-pour-ton-rebeu-hardeur-1-500x200.webp\" alt=\"\" class=\"wp-image-2779\" style=\"width:579px;height:232px\" srcset=\"http:\/\/www.krashbar.com\/sex-club-paris\/wp-content\/uploads\/2024\/07\/citebeur-46385-sans-pudeur-pour-ton-rebeu-hardeur-1-500x200.webp 500w, http:\/\/www.krashbar.com\/sex-club-paris\/wp-content\/uploads\/2024\/07\/citebeur-46385-sans-pudeur-pour-ton-rebeu-hardeur-1-768x307.webp 768w, http:\/\/www.krashbar.com\/sex-club-paris\/wp-content\/uploads\/2024\/07\/citebeur-46385-sans-pudeur-pour-ton-rebeu-hardeur-1.webp 1000w\" sizes=\"auto, (max-width: 500px) 100vw, 500px\" \/><\/a><\/figure>\n<!-- PHP 5.x -->","protected":false},"excerpt":{"rendered":"<p>Nos horaires\u00a0 Nous sommes ouverts 7 jours sur 7 toute l&rsquo;ann\u00e9e Du lundi au jeudi : 15h \u00e0 5h Vendredi : 15h \u00e0 7h Samedi : 14h \u00e0 7h Dimanche : 14h \u00e0 5h Notre adresse Krash bar : 12 &hellip; <a href=\"http:\/\/www.krashbar.com\/sex-club-paris\/\">Continuer la lecture <span class=\"meta-nav\">&rarr;<\/span><\/a><\/p>\n","protected":false},"author":1,"featured_media":0,"parent":0,"menu_order":0,"comment_status":"closed","ping_status":"closed","template":"","meta":{"footnotes":""},"class_list":["post-81","page","type-page","status-publish","hentry"],"aioseo_notices":[],"_links":{"self":[{"href":"http:\/\/www.krashbar.com\/sex-club-paris\/wp-json\/wp\/v2\/pages\/81","targetHints":{"allow":["GET"]}}],"collection":[{"href":"http:\/\/www.krashbar.com\/sex-club-paris\/wp-json\/wp\/v2\/pages"}],"about":[{"href":"http:\/\/www.krashbar.com\/sex-club-paris\/wp-json\/wp\/v2\/types\/page"}],"author":[{"embeddable":true,"href":"http:\/\/www.krashbar.com\/sex-club-paris\/wp-json\/wp\/v2\/users\/1"}],"replies":[{"embeddable":true,"href":"http:\/\/www.krashbar.com\/sex-club-paris\/wp-json\/wp\/v2\/comments?post=81"}],"version-history":[{"count":474,"href":"http:\/\/www.krashbar.com\/sex-club-paris\/wp-json\/wp\/v2\/pages\/81\/revisions"}],"predecessor-version":[{"id":2889,"href":"http:\/\/www.krashbar.com\/sex-club-paris\/wp-json\/wp\/v2\/pages\/81\/revisions\/2889"}],"wp:attachment":[{"href":"http:\/\/www.krashbar.com\/sex-club-paris\/wp-json\/wp\/v2\/media?parent=81"}],"curies":[{"name":"wp","href":"https:\/\/api.w.org\/{rel}","templated":true}]}}